st derivative of p(b). What is u(5)?
-4
Let y = -56 - -53. Let n(w) = -w**2 - 5*w + 3. What is n(y)?
9
Let a(q) be the second derivative of -1/6*q**4 + 1/20*q**5 - 2*q - q**2 + 1/2*q**3 + 0. Give a(2).
4
Let p be 10*(115/(-20) + 6). Let k(x) be the second derivative of p*x**2 - 1/20*x**5 - 1/3*x**3 + 3*x - 5/12*x**4 + 0. Determine k(-4).
-3
Let v(c) = -6*c**2 - c + 1. Let u be -1*1*(-5)/5. Let w be (1 + -1)/(u - 0). Suppose w = m - 2 + 1. Determine v(m).
-6
Let p(c) = -c**2 - c - 1 + 14*c**3 - 4*c - 5*c**3 - 8*c. Let z(k) = -5*k**3 + k**2 + 7*k + 1. Let w(i) = -6*p(i) - 11*z(i). Determine w(5).
0
Let a(u) = u - 4. Let j be a(3). Let v be (1 + j)*1/(-2). Let z(n) = n**3 - n**2 + n + 5. What is z(v)?
5
Let v(x) = -x**3 + 7*x**2 + 7*x + 8. Suppose 0*h = -4*b - h + 32, 5*b - 40 = h. Let a be v(b). Let d(o) = -o - 3. What is d(a)?
-3
Let i(s) be the third derivative of 0 - 1/3*s**3 - 3*s**2 + 0*s - 1/12*s**4. Determine i(-4).
6
Let f(v) be the first derivative of -v**2/2 + 8*v + 2. Let j be f(10). Let w(t) be the first derivative of -t**2/2 - 4*t - 2. Calculate w(j).
-2
Let c(l) = 4 + 2*l + 4*l - 11 + 4*l**2 + 0*l - l**3. What is c(5)?
-2
Let v be (16/10)/4 + 66/(-15). Let d(n) = 3*n - 3. Give d(v).
-15
Let v(p) be the second derivative of -3*p - p**3 - 5/2*p**2 + 0 - 1/12*p**4. Let q be (-10)/4*2 - -1. Calculate v(q).
3
Suppose 2 = 4*a + d, -3*d + 2 = -5*a - 2*d. Suppose a = -5*n + 7 + 8. Let p(l) = -2*l**2 + 4*l. Calculate p(n).
-6
Let b(v) be the first derivative of v**3/3 + 5*v**2/2 - 2*v + 16. Determine b(-6).
4
Let b be ((-2)/(-3))/(2/(-12)). Let l(x) be the second derivative of x**5/20 + 5*x**4/12 + 5*x**3/6 + 3*x**2/2 - 5*x. Determine l(b).
-1
Let u(d) = d**2 - 11*d + 9. Suppose 0 = -5*r + 3*g + 62, 8 + 36 = 4*r - g. Give u(r).
-1
Let i(c) be the second derivative of -c**5/20 + c**4/3 + 2*c**3/3 + 5*c**2/2 + 4*c. Determine i(5).
0
Let k(r) = -2*r + 10. Let h(u) = -2*u + 9. Let i(o) = 6*h(o) - 5*k(o). Let x = 1 - -1. Let l be -6*((-10)/(-4) - x). Calculate i(l).
10
Suppose 7 + 5 = 2*r. Let k(m) = -m**3 + 6*m**2 + 2. What is k(r)?
2
Let u be (-6)/4*6/(-9). Suppose 0 = -5*h - 2*n + 6 + 15, -3*n = 2*h - 15. Let l(v) = -h*v - 3 + 4 + 8*v**2 + v. Give l(u).
7
Let v(l) = -5*l**2 - 2*l - 1. Let j be 2 + (-30)/(6/2). Let z be (j/10)/(6/(-15)). Let u be (z + (-2)/2)*-1. What is v(u)?
-4
Let f(k) = k - 1 - k - k + k**2. What is f(3)?
5
Let w(o) = 4*o - 5 - 2*o + o**2 - 4*o. Let j be 4/18 - (-88)/9. Let t(m) = -2*m + 24. Let p be t(j). What is w(p)?
3
Let l(k) be the second derivative of k**3/3 + 3*k**2 - 19*k + 1. Give l(-4).
-2
Suppose -2*c = 4*d + 4 - 30, -3*d = -4*c + 8. Let y(r) = -2*r + 7. Let s be y(c). Let a = s + 4. Let u(p) = 5*p**3 + p**2 - p. What is u(a)?
5
Suppose -2 = -0*n - 2*n. Let l(z) = 16*z**2 - 11*z**2 + 0 - 1. Determine l(n).
4
Suppose -4*k + 0*k = -8. Let i be (k/3 + 0)*-3. Let a be i/(2 + -4) - 4. Let u(t) = -2*t**2 - 2*t + 4. Calculate u(a).
-8
Let i(x) = -3 - 2*x + 2*x**2 - 8*x**3 + 4 + 0. Let m be 4 + (1/((-1)/(-6)))/(-2). Determine i(m).
-7
Let p(j) = j**3 - 8*j**2 - 2*j + 4. Let c(q) = -q**3 + 8*q**2 + 2*q - 5. Let d(u) = 6*c(u) + 5*p(u). Determine d(8).
6
Let s = 4 + 2. Let q be s/9 + 1/3. Let r(o) = -4*o - 1. Give r(q).
-5
Let i(k) = -k**3 + 7*k**2 - 8*k + 7. Let u(b) = 3*b**2 + b - 8. Let x be u(2). Give i(x).
-5
Let h(z) = z**2 - 2*z - 1. Let m(u) = -u**2 + 2*u. Let y(c) = -5*h(c) - 4*m(c). Suppose -2*v - 2*f = -6, 4*v - 4*f - 12 = 8. Determine y(v).
-3
Let p = -5 + 3. Let h(o) = -13*o - 24. Let k(c) = 3*c + 6. Let u(g) = p*h(g) - 9*k(g). Determine u(-5).
-1
Let w = 8 - 10. Let s(f) = 8*f - 1. Let y(l) = l - 1. Let a(m) = w*y(m) + s(m). Give a(1).
7
Let i = 22 - 25. Let g(v) = 2*v**2 + 4*v - 1. Give g(i).
5
Suppose -5*k - 30 = 5*x, 0*k = -4*k - 2*x - 24. Let i(o) = -o**2 - 4*o + 3. Calculate i(k).
-9
Let m(g) = -g**2 - g + 1. Let f be (-6)/((-3)/(-12)*6). Let a be (4 - 2)/2 + f. Calculate m(a).
-5
Let x = 7 + -2. Let q(d) = d - 43 + 128 - 46 - 44. What is q(x)?
0
Let r(c) be the third derivative of c**7/5040 - 11*c**6/720 + 3*c**5/20 - 8*c**2. Let z(y) be the third derivative of r(y). Calculate z(0).
-11
Let o(v) = 15*v + 1. Suppose -24*i = -28*i - 4. Determine o(i).
-14
Suppose -3*a - 5*t = -0*t - 10, a = t + 6. Let b(y) = 4*y + 4 + 2*y - a*y. Let q = 5 + 0. Determine b(q).
9
Let u = 357 - 356. Let w(r) be the first derivative of 5*r**4/2 + r**3/3 + r**2/2 - r - 2. Calculate w(u).
11
Let s(l) = 8*l. Let y be 99/(-21) - (-4)/(-14). Let m(r) = -15*r. Let t(a) = y*m(a) - 9*s(a). Give t(2).
6
Suppose -57 = -5*l + 4*f, -4*l + 5*f + 34 = -17. Let j(u) = u**3 - 8*u**2 - 7*u - 11. Calculate j(l).
7
Let o(d) be the first derivative of -5*d**2 - d + 2*d**2 + 2*d**2 + 4 - 3*d**2. Give o(-1).
7
Let l(b) = -b - 1. Let r(y) = 5*y + 133. Let u be r(-25). Calculate l(u).
-9
Suppose 5*g + 5 = -20. Let k be 1*-2*(-9)/3. Let o(c) = c**2 + 0 + 0 + k*c. Give o(g).
-5
Let o = 101 - 104. Let q(j) = -j**2 - 5*j - 5. Let p(g) = -1. Let k(w) = 3*p(w) - q(w). Calculate k(o).
-4
Let i(h) = 0 - 5*h - 1 - 4*h**2 + 2*h**2 + 7*h. Give i(1).
-1
Let f be (-18)/(-81)*9/12. Let w(r) be the third derivative of 0*r + 2*r**2 - 1/24*r**4 + 0 - f*r**3 + 1/60*r**5. Calculate w(-1).
1
Let j(l) be the first derivative of l**4/4 + l**3/3 + l**2/2 - 3*l + 7. What is j(0)?
-3
Let t(j) be the second derivative of j**6/720 - j**4/12 - 4*j. Let u(r) be the third derivative of t(r). Calculate u(1).
1
Let a(m) = 9*m - 7. Let f(q) = -13*q + 10. Let l(s) = -7*a(s) - 5*f(s). Calculate l(5).
9
Let b(r) be the first derivative of -r**7/840 + r**6/72 - r**5/30 + 2*r**3/3 - 1. Let o(m) be the third derivative of b(m). What is o(4)?
0
Let f(u) = -4*u**3 - 7*u**2. Let d(o) = -3*o**3 - 6*o**2. Let w(r) = -3*d(r) + 2*f(r). Suppose -2*n = m - 3*n, -4 = 4*m - 3*n. Give w(m).
0
Suppose 10*b = 8*b - 8. Let d(q) = q**3 + 4*q**2 - 2*q - 5. Give d(b).
3
Let y(c) = -4*c**3 + 2*c**2 + 2*c - 3. Suppose -12 = 3*o - 7*o. Let s(p) = -o*p**2 - 2*p + 4 + 2*p**2 + 3*p**3 - 2. Let v(q) = -5*s(q) - 4*y(q). Give v(2).
2
Let o(p) = 4*p + 1. Let g(l) = -6*l - 2. Let s(r) = -5*g(r) - 8*o(r). Suppose -6*h = 4*h - 20. Give s(h).
-2
Let u(k) = k - 1. Let i(n) = -n**2 + 11*n + 4. Let b(m) = -i(m) + 5*u(m). Calculate b(8).
7
Let a(p) be the first derivative of -p**3 + 10 - p - 2*p**3 + 2*p + 0*p. Calculate a(1).
-8
Let p(n) = n - 4. Let h be -2 + 1 + 1 + 21. Suppose -h = -s - 5*f, s - 12 = -3*s + 4*f. Give p(s).
2
Let q(c) = -c**2 + 6*c + 4. Suppose 2*a - 3*a = 0. Suppose p + 19 + 4 = 4*f, 5*f - 4*p - 15 = a. Calculate q(f).
-3
Let n(g) = -g - 3. Let p be 6/27 - (-74)/(-9). Let z = -4 - p. Calculate n(z).
-7
Let j = -13 - -34. Suppose -3*m = -2*o + j, 3*o - 2*m + 26 = 5*o. Suppose -2*s - 2*s = o. Let z(u) = u**3 + 3*u**2 - u - 4. What is z(s)?
-1
Let b = -25 + 35. Suppose 4*i + b = -2. Let q(g) = -g**3 - 3*g**2 + g + 3. Give q(i).
0
Let w = 3/28 + 1/7. Let r(v) be the first derivative of -7*v - 5/3*v**3 + 2 + w*v**4 + 0*v**2. Calculate r(5).
-7
Let s(f) = 2*f + 5. Let k(d) = -2*d - 4. Let x(v) = -5*k(v) - 4*s(v). Let h(u) = u**3 + 6*u**2 + 7*u + 5. Let g be h(-5). Let y = -9 - g. Determine x(y).
-8
Suppose 2*y + 29 = -3*v - 1, -2*v - 22 = 2*y. Let b(n) = n**2 + 8*n - 4. Give b(v).
-4
Let f(j) = j**2 - 6*j - 6. Let k be f(5). Let c = k + 8. Let z be (4 - 14)/(c + 1). Let g(o) = -o**3 + 4*o**2 + 5*o - 7. Determine g(z).
-7
Let r = -7 - -16. Suppose 3*l + 5*m + r = 0, -2*l - m - 2*m - 5 = 0. Let y(i) = 1 + 5*i**l + 3*i - 3*i**2 - 3*i**2 + 0*i. Give y(3).
1
Let y(a) = a - 4. Let r be y(0). Let k = 6 + r. Let b(t) = t**2 + 3*t - 2. What is b(k)?
8
Let p = -120 + 114. Let b(f) = -f**3 - 5*f**2 + 3*f - 8. Give b(p).
10
Let j(b) = -15*b - 3. Let v(x) = 7*x + 1. Let o(p) = 4*j(p) + 9*v(p). Determine o(-4).
-15
Let d(t) be the third derivative of -1/12*t**4 + 0 + 0*t + 3*t**2 - 5/6*t**3. What is d(-4)?
3
Let n(r) = -r**3 - r**2 + r + 5. Let t be n(0). Let j(o) = 0*o**2 - 4*o**2 + 2 + t*o**2 - 3 + 5*o. Determine j(-4).
-5
Let i(v) = -3*v**3 + v**2 - v - 1. Let r(s) = -14*s**3 + 6*s**2 - 6*s - 5. Let g(k) = 11*i(k) - 2*r(k). Give g(1).
-6
Let w be (6 - (-1 + 2)) + 2. Let o(q) = -7 + 7 - w - 7 - q. Determine o(0).
-14
Let s(q) = -q**3 - 5*q**2 + 3*q + 1. Let b be 2 - 2 - (-9 - -2). Suppose -3*u - b = 8. Determine s